Determine p(1).
4
Let t(x) = -3*x + 4. What is t(1)?
1
Let x(c) = 21*c + 67. Give x(-3).
4
Let y(a) = -a**2 + 21*a - 95. What is y(5)?
-15
Let j(r) = -24*r + 43. Calculate j(4).
-53
Let s(q) = 3*q**2 - 2*q - 6. Calculate s(-2).
10
Let c(o) = o**2 + 27*o + 92. Determine c(-23).
0
Let q(m) = -47*m + 517. What is q(11)?
0
Let k(u) = -u - 11. Calculate k(-7).
-4
Let k(v) = v**3 + 43*v**2 + 48*v + 246. Determine k(-42).
-6
Let t(k) = k - 53. Calculate t(25).
-28
Let d(t) = -t + 8. Calculate d(3).
5
Let q(n) = n**2 - 6*n + 5. Give q(7).
12
Let b(k) = -2*k - 3. Calculate b(8).
-19
Let x(d) = -2*d**3 + 36*d**2 + 2*d - 50. Give x(18).
-14
Let c(j) = 4*j - 100. What is c(28)?
12
Let q(m) = m**2 - 7*m + 2. What is q(6)?
-4
Let y(l) = l + 1. What is y(1)?
2
Let n(i) = -5*i + 6. Determine n(-1).
11
Let k(g) = g + 9. Calculate k(-12).
-3
Let r(p) = 6*p + 68. What is r(-12)?
-4
Let x(p) = -p**3 - 3*p**2 + 5*p - 8. Determine x(-5).
17
Let x(t) = 11*t + 39. Give x(-7).
-38
Let m(g) = 2*g**3 - 22*g**2 + 17*g + 36. Determine m(10).
6
Let s(n) = -n**3 - 11*n**2 + 12. Calculate s(-11).
12
Let h(d) = d**3 - 7*d**2 - 5*d - 11. Determine h(8).
13
Let b(z) = -9*z**3 - z**2 - 1. Give b(2).
-77
Let h(p) = p**3 - p**2 - p - 3. What is h(2)?
-1
Let c(i) = -3*i**3 + 2*i**2 - 2. What is c(2)?
-18
Let y(o) = o**2 - 7*o. Calculate y(6).
-6
Let k(j) = -2*j**3 - 3*j**2 + 3*j + 7. Calculate k(-4).
75
Let d(c) = 2*c**3 - 11*c**2 - 4*c + 10. Determine d(5).
-35
Let d(n) = -39*n + 565. Give d(14).
19
Let w(u) = 2*u - 17. Give w(15).
13
Let w(b) = b**3 + 14*b**2 - 15*b + 11. Calculate w(-15).
11
Let l(b) = 5*b - 77. Determine l(16).
3
Let m(z) = -42*z**2 - z + 1. Give m(1).
-42
Let p(b) = b - 23. Give p(14).
-9
Let g(h) = h**2 + 11*h + 8. Give g(-10).
-2
Let j(p) = -p**3 - 5*p**2 + 3*p - 17. What is j(-6)?
1
Let u(b) = b**2 + 7*b - 7. Give u(-8).
1
Let p(m) = -5*m - 6. Determine p(0).
-6
Let s(m) = -m**2 + m + 3. Determine s(-1).
1
Let z(d) = d**3 + 11*d**2 - 15*d - 18. Calculate z(-12).
18
Let q(v) = v**2 + 11*v - 8. Determine q(-11).
-8
Let k(i) = -i**2 + 13*i - 8. Calculate k(13).
-8
Let p(d) = -d**2 + 22*d - 78. Give p(16).
18
Let x(h) = -h + 46. Determine x(25).
21
Let j(g) = -g**2 + 7*g + 30. Determine j(11).
-14
Let m(k) = -k**2 - k + 3. What is m(-4)?
-9
Let o(q) = -24*q + 141. What is o(6)?
-3
Let i(l) = -6*l**3 + 4*l + 2. Give i(-2).
42
Let x(b) = 4*b**3 - 10*b + 9. Calculate x(1).
3
Let u(f) = -f + 4. What is u(8)?
-4
Let g(q) = q. Determine g(2).
2
Let w(v) = -v**2 - 6*v + 3. Calculate w(-5).
8
Let y(l) = -l**3 - 9*l**2 + 11*l - 32. Calculate y(-10).
-42
Let y(l) = l**3 - 6*l**2 - 2*l + 10. Give y(5).
-25
Let l(n) = -n**3 + 10*n**2 + 28*n - 19. Determine l(12).
29
Let c(a) = a**2 - 12*a + 14. Calculate c(12).
14
Let k(s) = -10*s - 58. Calculate k(-5).
-8
Let p(i) = i**2 + 27*i + 130. Give p(-11).
-46
Let k(z) = z**3 + z**2 + 2*z + 81. Give k(0).
81
Let y(o) = -o**2 + 10*o - 12. Determine y(9).
-3
Let a(k) = 8*k + 6. Calculate a(-1).
-2
Let t(n) = -44*n**3 - 2*n**2 - 2*n + 1. Determine t(-1).
45
Let g(z) = -43*z - 437. Give g(-10).
-7
Let w(f) = 2*f**2 - f - 3. What is w(5)?
42
Let p(f) = 2*f**2 - 37*f + 31. What is p(18)?
13
Let m(c) = -2*c**2 + 44*c - 1. Give m(22).
-1
Let y(b) = 4*b - 84. Calculate y(11).
-40
Let d(o) = 6*o - 9. What is d(7)?
33
Let y(d) = d**3 - 5*d**2 + 5*d - 3. Calculate y(2).
-5
Let p(x) = 4*x - 167. Determine p(42).
1
Let u(g) = g**3 + 6*g**2 - 2*g - 2. Calculate u(-4).
38
Let b(r) = -r**3 + 2*r**2 + 10*r - 3. Determine b(4).
5
Let k(o) = -3*o + 3. Determine k(1).
0
Let c(q) = q - 8. Determine c(9).
1
Let s(c) = 2*c**3 + 3*c**2 - 2*c - 4. What is s(-2)?
-4
Let h(w) = w**3 - 8*w**2 - 13*w + 41. Determine h(9).
5
Let u(x) = x**3 - 26*x**2 - 54*x - 60. Calculate u(28).
-4
Let j(x) = -x**3 + 11*x**2 - x + 4. Calculate j(11).
-7
Let k(c) = -c**3 - 25*c**2 - 47*c - 9. Determine k(-23).
14
Let c(n) = 2*n**2 - 21*n + 15. Give c(10).
5
Let a(x) = 2*x + 18. Determine a(-9).
0
Let x(g) = -2*g + 20. What is x(14)?
-8
Let p(k) = 7*k + 7. Give p(-7).
-42
Let d(i) = -i**3 - 7*i**2 - 7*i - 6. Give d(-4).
-26
Let y(o) = -9*o + 180. Determine y(20).
0
Let f(a) = a**2 - 13*a + 18. Give f(13).
18
Let d(i) = -i**2 + 3*i + 2. Give d(3).
2
Let y(o) = -o**3 - 13*o**2 - 12*o + 6. What is y(-12)?
6
Let l(a) = 10*a**3 - 2*a**2 + 2*a - 1. Determine l(1).
9
Let q(j) = j**2 - 13*j + 11. Give q(11).
-11
Let f(p) = p**3 - 42*p**2 + 46*p - 180. What is f(41)?
25
Let o(f) = -f**3 + 10*f**2 + 27*f - 35. Give o(12).
1
Let s(h) = -2*h**2 - 4*h + 5. Determine s(-5).
-25
Let n(r) = -r**3 - 11*r**2 - 16*r - 3. Determine n(-8).
-67
Let x(p) = p**3 - 24*p**2 - 28*p + 48. Determine x(25).
-27
Let n(z) = -21*z + 1164. Give n(55).
9
Let w(c) = c + 16. Calculate w(-10).
6
Let k(n) = -18*n + 4. Calculate k(1).
-14
Let o(h) = -4*h + 1. Determine o(1).
-3
Let c(l) = 11*l - 172. Determine c(10).
-62
Let l(i) = -i**2 - 5*i + 9. Determine l(-6).
3
Let z(y) = 5*y - 22. What is z(4)?
-2
Let m(l) = -7*l**3 + 2*l - 1. Give m(1).
-6
Let x(k) = 6*k + 2. Calculate x(-1).
-4
Let f(z) = -9*z. Give f(2).
-18
Let c(d) = d**3 - 5*d**2 + 4*d - 5. Determine c(4).
-5
Let f(k) = -46*k + 458. Give f(10).
-2
Let z(h) = 13*h + 36. What is z(-3)?
-3
Let q(p) = -2*p + 15. Calculate q(4).
7
Let k(o) = -2*o**3 - 21*o**2 - o + 4. Give k(-10).
-86
Let u(r) = -2*r + 3. Determine u(-5).
13
Let r(c) = -c**2 - 3*c + 12. What is r(-6)?
-6
Let h(u) = -u**3 - u**2 - u + 1. Give h(1).
-2
Let u(r) = -2*r**3 + 14*r**2 - 12. Give u(7).
-12
Let n(h) = -11*h**2 - 175*h + 28. Calculate n(-16).
12
Let i(x) = x**2 - 7*x + 1. Calculate i(6).
-5
Let w(h) = 25*h - 9. Give w(-2).
-59
Let p(k) = k - 10. What is p(-15)?
-25
Let o(c) = 2*c**3 - c**2 - 2*c - 1. What is o(-1)?
-2
Let t(i) = -4*i + 8. What is t(-7)?
36
Let d(n) = -n**2 + n - 2. What is d(6)?
-32
Let x(a) = -a**2 + 7*a + 5. Give x(4).
17
Let p(u) = 59*u - 7. What is p(-2)?
-125
Let f(q) = 5*q + 144. Calculate f(-27).
9
Let n(m) = m + 4. Calculate n(6).
10
Let n(a) = 2*a**3 + 16*a**2 - 16*a - 9. Give n(-9).
-27
Let z(f) = -7*f + 18. Calculate z(4).
-10
Let o(f) = -4*f**2 + 5*f + 1. Determine o(3).
-20
Let h(r) = 6*r**2 - 22*r + 15. Give h(6).
99
Let f(x) = -2*x + 50. Determine f(18).
14
Let u(c) = c**2 + c - 12. Calculate u(-6).
18
Let t(i) = i**3 - 4*i**2 - i - 8. What is t(6)?
58
Let f(k) = 12*k - 8. What is f(-14)?
-176
Let z(o) = -24*o - 228. Calculate z(-9).
-12
Let c(g) = -g**2 + 14*g - 13. Give c(12).
11
Let q(h) = h**2 - 13*h + 22. What is q(9)?
-14
Let f(r) = -41*r + 366. Determine f(9).
-3
Let q(r) = r - 2. Give q(-10).
-12
Let y(q) = -q - 6. Calculate y(0).
-6
Let x(b) = -b**2 + b - 17. Determine x(0).
-17
Let o(z) = -3*z**2 - 29*z - 78. Determine o(-3).
-18
Let r(q) = -12*q + 420. Give r(36).
-12
Let a(m) = -m**3 - m**2 + 8*m + 19. Give a(-2).
7
Let p(i) = -i**3 + 10*i**2 - 8*i + 7. Determine p(9).
16
Let c(s) = 3*s**2 + 22*s + 20. What is c(-10)?
100
Let w(n) = -n**3 + 7*n**2 + 2. Give w(7).
2
Let v(o) = -o**3 - 31*o**2 + 30*o - 66. Determine v(-32).
-2
Let l(a) = a**3 + 23*a**2 + 40*a - 44. Calculate l(-21).
-2
Let t(q) = 18*q**2 + 88*q. What is t(-5)?
10
Let i(h) = h**2 + 5*h - 23. Determine i(-8).
1
Let g(j) = -j**3 - 14*j**2 - 2*j - 29. Determine g(-14).
-1
Let v(g) = -g**3 + 5*g**2 + 30*g - 150. What is v(6)?
-6
Let r(l) = l. What is r(-9)?
-9
Let j(x) = -2*x + 8. Calculate j(0).
8
Let c(j) = 9*j. Calculate c(2).
18
Let l(m) = m**3 - 14*m**2 + 24*m - 17. What is l(12)?
-17
Let m(a) = a**2 + 2*a + 2. Determine m(3).
17
Let m(c) = c**3 - 3*c**2 + 3*c - 6. Give m(3).
3
Let p(u) = 20*u - 1. What is p(3)?
59
Let v(o) = 8*o**2 + 3*o - 1. Calculate v(2).
37
Let g(i) = 2*i**2 + 28*i - 171. Determine g(5).
19
Let h(x) = x**3 + 9*x**2 - 9*x + 9. Give h(-10).
-1
Let t(l) = l**2 + 18*l - 34. What is t(-19)?
-15
Let t(y) = -y**3 - 20*y**2 + 20*y - 16. Give t(-21).
5
Let b(c) = c**2 - 5*c - 30. What is b(8)?
-6
Let n(y) = -5*y - 71. Determine n(-14).
-1
Let g(k) = 2*k - 7. Determine g(4).
1
Let b(w) = 5*w + 59. Calculate b(-12).
-1
Let x(a) = -a**2 - 16*a - 42. What is x(-12)?
6
Let m(h) = -2*h**3 - 2*h**2 + 2*h - 2. What is m(2)?
-22
Let a(c) = 3*c**3 + 4*c**2 - 3*c. Calculate a(3).
108
Let s(y) = y**2 + 8*y + 7. Give s(-4).
-9
Let f(i) = 13*i + 12. Calculate f(-6).
-66
Let